se -2 - 48 = -5*r. Let o be (-3 + 3)/5 + 7. Let c = r - o. Let z(x) = -2*x**2 + 4. Determine z(c).
-14
Suppose -8*y + 4*y = -56. Suppose -4*l = -3*h + y, 3*l = 2*h - 8 - 1. Let c(v) = v - 1. Give c(h).
5
Let p(s) = s + 72758 + s**2 - 72758. Suppose -26 = 4*g - 10. Let q be g/6 + (-4)/12. Determine p(q).
0
Let u(r) = -20*r - 7. Let s(y) = 23*y + 9. Let t(b) = 5*s(b) + 6*u(b). Calculate t(3).
-12
Let a(v) = 4 - 2*v**3 + 5*v + 9 + 7 + v**3 - 25 + 5*v**2. Determine a(6).
-11
Let k(w) = -w**3 + 9*w**2 - 3*w - 2. Let f(j) = 4*j**2 + 31*j. Let n be f(-8). What is k(n)?
38
Let y(k) = k**3 - k**2 - 2*k + 5. Let j(h) = -h**3 + 10*h**2 + 21*h + 39. Let o be j(12). Give y(o).
17
Let r be 2/1 - (-1 - 0). Let j(n) = 5*n**2 - 26 + 22 + 6*n**2 + r*n. Let z(a) = -5*a**2 - a + 2. Let o(b) = -6*j(b) - 13*z(b). Determine o(-5).
-2
Let i be 18/4*(-48)/(-18). Suppose -10*l + i*l = 8. Let w(m) = m**2 - m - 3. What is w(l)?
9
Let v(o) be the first derivative of 10*o**3/3 + 3. Let z = -157 - -156. What is v(z)?
10
Let y(v) = 2 + 163*v - 161*v + 0 + 26. Calculate y(-12).
4
Let w(c) = c + 8. Let y = -732 + 732. Give w(y).
8
Let q(b) be the first derivative of b**6/120 - b**5/60 - b**4/24 + b**3/6 - b**2 + 39. Let k(h) be the second derivative of q(h). Calculate k(1).
0
Let v(p) = p**3 - 8*p**2 - 2*p + 2. Let d be (-50)/((-60)/6) - (-9)/3. Give v(d).
-14
Let y(v) = 3 + 12*v - v**3 + 10*v - 22*v - 7 + 7*v + 4*v**2. What is y(5)?
6
Let f = -13 - -10. Let v(z) = -z + 1. Let l(o) = -10*o + 4. Let b(x) = l(x) - 5*v(x). What is b(f)?
14
Let q(l) = -4 + 9 - 18*l + 32*l - 3. What is q(4)?
58
Let a(s) = -2 - 41*s - s**2 + 34*s + 2. Let u be ((-3)/(-6))/((-20)/120). Give a(u).
12
Let q(w) = -w**2 + 6*w + 10. Let l be q(8). Let p(h) be the third derivative of h**6/120 + 7*h**5/60 + h**4/4 - h**3/6 - 37*h**2. Determine p(l).
-1
Let f(n) = 6*n**2 + 7*n + 6. Let s(k) = 11*k**2 + 14*k + 10. Let r(g) = 7*f(g) - 4*s(g). What is r(-5)?
-13
Let a be (10/(-15))/((-1)/48). Suppose -5*s + 2*f = 5*f - 11, -5*s + 4*f + a = 0. Let j(c) = c**2 - 3 + 1 - 3*c - c. What is j(s)?
-2
Let z(j) be the third derivative of -j**5/60 - 7*j**4/24 - j**3 - 2*j**2 - 15. Give z(-4).
6
Let s = 12 + -10. Let w be 5 + -2*3/s. Let j be (6/(-18))/(w/6). Let p(f) = 5*f**2 + f. What is p(j)?
4
Let z = 251 - 248. Let t(d) = -d**2 - 6*d - 6. Let v be t(-4). Let m(q) = v - 3 + 2*q + 0*q. Give m(z).
5
Let o(j) = -j - 1. Let p(n) = -43*n - 7 - 37*n + 104*n + n**2 - 33*n. Let s(h) = 3*o(h) - p(h). Calculate s(6).
4
Let u(s) = 3*s**3 + 8*s**2 - 8*s - 1. Let b(q) = q**3 + q**2 - q - 1. Let l(k) = -2*b(k) + u(k). Let y(f) = -f + 2. Let j be y(9). Calculate l(j).
-6
Let q(m) be the third derivative of 0 + 0*m - 1/4*m**4 + 13*m**2 - 1/60*m**5 - 1/3*m**3. Give q(-5).
3
Let a(n) = 1. Let c(u) = 5 - u - 33 + 19. Let q(y) = 14*a(y) + 2*c(y). Calculate q(-4).
4
Suppose 5*a = -4*o + 6, 2 = 2*o + 4. Let z(x) = 4*x + 0*x + 65*x**2 - 66*x**a + 1 - 2*x. Give z(2).
1
Suppose 7*h + 19 - 47 = 0. Let o(z) = -z**3 + 3*z**2 + 5*z - 10. Determine o(h).
-6
Let t be -1*(-3 - -8)*-2. Let b(n) = 24 - 8 - t + n. Give b(-5).
1
Let v(j) = -2*j - 14*j**3 + 19*j**3 + 3*j**2 + 7 - 4*j**3 + 0*j. What is v(-4)?
-1
Suppose -3 = 119*r - 122. Let g(q) = 7*q**3 + 5*q**2 + q + 5. Let n(i) = 7*i**3 + 4*i**2 + i + 4. Let v(j) = 5*g(j) - 6*n(j). What is v(r)?
-6
Let m = 2 - -2. Suppose -m*g = -8 - 4. Let d(s) = -s - 2*s + g + 2*s + 0. Determine d(2).
1
Let m(b) = -b**3 + 4*b**2 - 4*b + 3. Let w be (-12)/(-8)*2 - 5. Let x(d) = 3*d - 2. Let j be x(w). Let t be (-3 + -1)*6/j. Determine m(t).
0
Let h = -4 + 3. Let v(r) = 2*r**3 - r**2 - 3*r - 1. Determine v(h).
-1
Let m(g) = 2 - 24*g**2 + 25*g**2 - 15 - 10*g + g. Suppose 4*c - 12 = -2*f + 2*c, -28 = -4*f - 3*c. Determine m(f).
-3
Let v(h) = 2*h**2 - 147*h + 3*h**2 + 153*h + h**2 + h**3. Give v(-5).
-5
Let k(u) be the second derivative of 6*u - 1/12*u**4 - 5/2*u**2 + 0 - 1/3*u**3. Determine k(-4).
-13
Let q(x) = 1444*x**2 + 1444*x**2 - x - 38 - 2887*x**2. Calculate q(0).
-38
Let k(r) = -r**2 - 52*r + 230. Let l be k(4). Let s(p) = p**3 - 5*p**2 - 11*p + 21. Calculate s(l).
-9
Let j = -118/3 + 40. Let p(w) be the second derivative of -4*w - 1/2*w**2 + 0 + 1/12*w**4 + j*w**3. What is p(-3)?
-4
Let l(j) = 8*j**2 + 35*j - 2. Let d(a) = -13*a**2 - 53*a + 2. Let s(o) = -5*d(o) - 8*l(o). Calculate s(15).
6
Let i(s) = -4*s**2 + 2*s + 1. Let x = 68 - 65. Suppose 0*o - x*a = 3*o - 9, a - 1 = -3*o. What is i(o)?
-5
Let h(d) = 21*d + 363. Let f(c) = -8*c - 144. Let y(s) = 18*f(s) + 7*h(s). What is y(17)?
0
Let u(r) = r - 10. Suppose 31*b + 3*i - 17 = 32*b, -b - 12 = -2*i. Determine u(b).
-12
Let o be 1 - (-3 + (-36)/(-1)). Let x be 3/(6*(-4)/o). Let v(r) = 2 - 2*r**2 + 4*r**2 - 3 + 2*r - 3*r**2. Calculate v(x).
-9
Let s(m) = m**2 + 7*m - 5. Let b(i) = -2*i**2 + 13*i. Let l = 172 + -165. Let c be b(l). What is s(c)?
-5
Let h(p) be the second derivative of -p**3/2 - 5*p**2/2 + 5*p. Let u(k) = -k**2 - 1. Let g be u(-1). Let b be h(g). Let z(j) = -j**2 + j - 1. Determine z(b).
-1
Let n(h) be the first derivative of -2*h**2 - 13*h + 5. Let q be n(-5). Let k(r) = r**2 - 4*r - 10. Determine k(q).
11
Let i be ((-4)/(-1))/((-4)/30). Let j = -22 - i. Let u be 3/1 - (-6 + j). Let x(r) = -r**3 + 2*r**2 - r. Calculate x(u).
0
Let u(i) = 4*i**2 + 0*i - 3*i**2 + 2*i - 5*i**3 + 0*i + 1. Suppose f - 7 = -1. Let g(s) = s**2 - 7*s + 5. Let z be g(f). What is u(z)?
5
Let i(l) = -l**3 + 9*l**2 + 9*l + 4. Let z be i(10). Let r be (-9)/z*2/3. Let g(h) = h. Let k(j) = -2*j**2 + 11*j. Let x(b) = 66*g(b) - 6*k(b). What is x(r)?
12
Let r(i) be the third derivative of -i**5/120 + i**4/8 - i**3/3 + 3*i**2. Let o(b) be the first derivative of r(b). Calculate o(2).
1
Let v(l) be the second derivative of -l**5/20 + l**4/2 - 2*l**3/3 + 5*l**2/2 + l. Let n be (3 - 2) + (-1 - (-3 - 15)). Let r = -13 + n. Give v(r).
10
Suppose j - 4*o + 10 = -4*j, -21 = 2*j - 5*o. Let x(y) = 3*y**2 - 2*y**j + 8*y + y - 5 - 3*y. Suppose 19 = -4*z + f, -2*z - 7 = 2*f + 5. Determine x(z).
-10
Let m(g) = 169 - g + 164 - 3*g - 332. Determine m(-1).
5
Suppose -3*l - 3*s = -s + 5, l + 2*s = -7. Suppose -14 = 2*t - j + l, -4*t - 3*j - 5 = 0. Let m(i) = -i**3 - 4*i**2 + 7*i + 7. What is m(t)?
-3
Let s(q) = -5*q - 12. Let u(d) be the third derivative of -d**4/12 - d**3 + 10*d**2. Let o(y) = -3*s(y) + 7*u(y). Determine o(6).
0
Let w(h) = h + 6. Let i = 87 - 93. Calculate w(i).
0
Let s(d) be the second derivative of -2/3*d**3 + 7/2*d**2 - 11*d + 0 - 1/12*d**4. Calculate s(-6).
-5
Let p(q) = 2*q**2 + 6*q - 6. Suppose 14 = -4*x - 6. Give p(x).
14
Let k(x) = -2*x - 59*x**2 + 119*x**2 - 1 - 61*x**2. Give k(-6).
-25
Let x(n) = -5*n**2 + 21*n + 13. Let k(i) = i**2 - i - 2. Let y(r) = 6*k(r) + x(r). Give y(-15).
1
Let d(n) = 5*n**3 - 10*n**2 - 5*n - 6. Let u(q) = -9*q**3 + 18*q**2 + 9*q + 11. Let g(o) = 11*d(o) + 6*u(o). Calculate g(3).
6
Let l(f) = -f - 9. Let r = -131 + 185. Let u = r + -54. Give l(u).
-9
Let f(n) = n - 6. Let c be f(8). Suppose 72 = -j - c*j. Let v be 0*(3 - j/(-9)). Let s(d) = d + 3. Calculate s(v).
3
Let x(f) = -3*f + 1 - 4*f + 5*f. Suppose 2*s + 24 + 16 = 5*m, 4*m - 5*s - 32 = 0. Give x(m).
-15
Let m(v) be the first derivative of v**4/4 - v**3 - 5*v**2/2 + v - 22. Let f(q) = 2*q - 4. Let l be f(4). What is m(l)?
-3
Let o(t) = 7*t - 1. Let v(i) = 6*i**2 - 2*i - 3. Let x(y) = -18*y**2 + 25*y**2 - 1 + 0 - 2 - 3*y. Let h(w) = 6*v(w) - 5*x(w). Let b be h(-4). Give o(b).
6
Let n(o) = -9*o**2 + 3*o**2 - 2*o + 3 - 4. Let j(z) = 552*z**3 + 0*z**2 - 7*z - 551*z**3 - 5*z**2 + 5. Let y be j(6). Determine n(y).
-5
Let l(s) = s**3 + s**2 + s - 2. Let x(q) = 4*q**3 + 14*q**2 + 14*q - 3. Let u(c) = -5*l(c) + x(c). Let d be (-2 - 0) + 2*6. Determine u(d).
-3
Let s(n) be the third derivative of -n**5/60 + 19*n**4/24 - 16*n**3/3 + 3*n**2. Let a be s(17). Let z(w) = 2*w**3 - 3*w**2 + 2*w - 2. What is z(a)?
6
Let r be 5 + 4 + (1 - -1). Let y(p) = p**3 - 11*p**2 + p - 7. Let i be y(r). Let n be 0/(-2*(-2)/i). Let b(v) = -v**2 + v - 9. Give b(n).
-9
Let g(l) = 69*l**2 - 31*l**2 + 244*l**2. Let o be g(1). Let b(m) = -m**2 - 2 + 3 - o*m + 280*m. Give b(-3).
-2
Let h(j) = -7*j**2 - 26*j - 22. Let w(s) = s**2 + 4*s + 4. Let v(n) = -2*h(n) - 13*w(n). What is v(6)?
28
Let s(z) = 7*z**3 + 29*z**2 - 31*z 